1
Suppose -3*t = -5*h - 35037 - 10557, -5*h = -2*t + 30386. What are the prime factors of t?
2, 1901
Let l(x) = -30*x**3 - 5*x**2 + 11*x - 12. Let m(v) = -30*v**3 - 6*v**2 + 10*v - 11. Let i(q) = -6*l(q) + 5*m(q). List the prime factors of i(1).
31
Let b(y) = -4*y + 28. Let x be b(0). Let j be x/(-16) + 1 + (-1437)/(-12). Let k = -44 + j. What are the prime factors of k?
3, 5
Suppose 22*r + 4*r + 250473 = 703393. What are the prime factors of r?
2, 5, 13, 67
Let u = 17186 - 3416. What are the prime factors of u?
2, 3, 5, 17
Let q be 1/(-1*(-4)/304). Let y = q - 144. Let m = y - -161. What are the prime factors of m?
3, 31
Suppose -2146953 = -64*n - 49737. List the prime factors of n.
3, 11, 331
Suppose 0 = -32*x - 21*x + 93492. What are the prime factors of x?
2, 3, 7
List the prime factors of (-21 + (-80)/(-8))*-3889 + -11.
2, 3, 11
Suppose -2*l + 1 = -2*v + 5, 0 = 3*l - 6. Let c be v - ((-9442)/22 + (-4)/(-22)). Let q = c - 282. List the prime factors of q.
151
Let j(p) = -3*p**2 + 3*p - 139. Let b be j(0). Let l = 199 + b. What are the prime factors of l?
2, 3, 5
Let y(f) = -54*f**2 - 4*f + 14. Let r(q) = -53*q**2 - 3*q + 13. Let h(b) = -7*r(b) + 6*y(b). What are the prime factors of h(-3)?
5, 17
Suppose 5*u - 42 = -17. Suppose 4*k + 5*c - 129 - 179 = 0, 0 = u*k - 3*c - 385. What are the prime factors of k?
7, 11
Let r(n) = 894*n - 1728. List the prime factors of r(17).
2, 3, 5, 449
Suppose 5*c - 3 = 7, x = 3*c + 316. Let o = 735 - x. What are the prime factors of o?
7, 59
Let x(b) = 15*b**2 - 6*b + 15. Let s be x(5). Suppose -s = 17*v - 23*v. What are the prime factors of (12 + 3)/(4/v)?
3, 5
Let m be (-5)/(-6 + 5 - 0). Suppose 3*t = -m*t + 1208. What are the prime factors of t?
151
Let v = -4 - 0. Let o be 25/2 - (-2)/v. List the prime factors of 16 + 4/o*3.
17
Let q = 45 - 41. Suppose -v - 14 = -4*l, -4*l + q = 2*v - 4. Suppose -l*k + 90 = -k. List the prime factors of k.
3, 5
Let q = 13368 + -343. List the prime factors of q.
5, 521
Suppose -89 = -4*z - 73. Suppose 2*s + 2*l + 26 = z*s, -l = -3. Let u = 83 + s. List the prime factors of u.
3, 11
Suppose 0 = -3*u + u + 10. Suppose c + 3 = u. Suppose 159 = 4*x - c*x + 3*i, 5*x - i - 423 = 0. List the prime factors of x.
2, 3, 7
Let c = 25217 - -7102. What are the prime factors of c?
3, 7, 19
Let z(c) = 2*c**3 - 7*c**2 + 2*c - 1. Let u be z(7). Let b = -79 + u. List the prime factors of b.
277
Suppose 3*n = 11 + 25. Suppose 3 = x + 90. Let m = n - x. List the prime factors of m.
3, 11
Suppose -7*x + 43 = 3*c - 3*x, -28 = -2*c - 2*x. Suppose 0 = -2*q - c - 21. Let r = 122 - q. What are the prime factors of r?
139
Suppose -140*t + 23824 = -136*t. Suppose -t - 9644 = -16*s. List the prime factors of s.
3, 5, 13
Let c be (-10)/(-15) + (-43152)/(-18). Suppose c = -12*l + 23*l. List the prime factors of l.
2, 109
Let a be (-1)/(7/(-28) + (-2)/24). Let r(b) = -b**3 + 2*b**2 + b + 8. Let o be r(a). What are the prime factors of (512/(-4))/(-4) - (o - 1)?
31
Suppose -3*d + s = -1, -2*s - 2 = -9*d + 4*d. Suppose d = -3*a - 4*a + 952. What are the prime factors of a?
2, 17
Suppose 18*m - 42 = 15*m. Let o = m - -28. Suppose 0*q + 2*f - 84 = -2*q, f + o = q. What are the prime factors of q?
2, 3, 7
List the prime factors of (-68890)/(-6) + 10/6*114/(-285).
3, 43, 89
List the prime factors of (-927 - -117)*(-23)/3.
2, 3, 5, 23
Let q be (-35875)/(-70) + (-1)/2. Let u = 532 + q. What are the prime factors of u?
2, 3, 29
Suppose 0 = 89*m - 76*m - 3432. What are the prime factors of -36*m/42*(-14)/3?
2, 3, 11
Let z(x) = x**3 - 14*x**2 + 6*x - 4. Let d be z(8). Let u = -697 - d. List the prime factors of (4/6*-1)/(14/u).
17
Suppose -1098*m = -1093*m - 29980. Suppose 4*l + 3*j = m, 4*l - 4*j - 3019 - 2977 = 0. What are the prime factors of l?
1499
Let f(w) = -206*w + 269. Let n(x) = 52*x - 67. Let y(d) = 2*f(d) + 9*n(d). List the prime factors of y(11).
19, 29
Suppose 0 = y - 2*k - 6027 + 1226, -2*k = 8. What are the prime factors of y?
4793
Let z = -1443 + 4827. Suppose -2*p = -3*j + z, -4*j - 3*p + 2448 = -2081. List the prime factors of j.
2, 5, 113
Let f(c) = 105*c**3 - 5*c**2 + 1. Let h be f(2). Let q = -399 + h. What are the prime factors of q?
2, 211
Let s be 571 - (-1 - 3)/(6/(-3)). Suppose 6*b = -107 + s. What are the prime factors of (-22)/b - (-261)/7?
37
Let l = 28229 + 48955. List the prime factors of 6/(-39) - l/(-104).
2, 7, 53
Let v = 139 + -133. What are the prime factors of 28/21 + 1000/v?
2, 3, 7
Suppose -1414407 = 52*u - 229*u. List the prime factors of u.
61, 131
Let q(j) be the second derivative of -j**5/4 - 7*j**4/12 - j**3/2 - 3*j**2 - 12*j. Let n be q(-3). Suppose -80*a = -n*a - 445. What are the prime factors of a?
89
Let p(o) = -o**3 - 6*o**2 + 8*o + 10. Let j be p(-7). Let k = 45 + -38. Suppose 60 = k*d - j*d. List the prime factors of d.
3, 5
Let a(t) = 271*t - 3579. What are the prime factors of a(62)?
7, 1889
Let h = 26 + -107. Let b = h + 83. List the prime factors of (132/(-7))/(b/(-14)).
2, 3, 11
Let n = 243 + -232. Suppose 5*p - 3652 = -4*t, 9*t = n*t - 5*p - 1796. List the prime factors of t.
2, 227
Let t = 435 + -630. Let n = -117 - t. List the prime factors of n.
2, 3, 13
Suppose -204*q + 77924 = -190*q. List the prime factors of q.
2, 11, 23
Let z(g) = -g**2 + 26*g + 143. Let d be z(27). Suppose d - 3916 = -20*h. What are the prime factors of h?
2, 5, 19
Suppose 0 = 21*i - 7783 - 64625. Suppose 3*t - 2*j = 2581, -2*j + j - i = -4*t. List the prime factors of t.
863
Let n = -18 + 19. Let j = n - -4. Suppose -5*c - 3*g = -391, 0 = -j*c + 4*g - 32 + 444. List the prime factors of c.
2, 5
What are the prime factors of (0 - -3) + -6445*6/(-30)*2?
29, 89
List the prime factors of ((-3)/(-3))/11 + ((-175622985)/(-209))/29.
2, 1811
Let m = 438 - 438. Let w(y) be the third derivative of y**6/120 - y**5/60 + y**4/12 + 73*y**3/2 - 2*y**2. List the prime factors of w(m).
3, 73
Suppose -3*f + f + 5*n = 5, f + n = 8. Suppose -3*s - f*s + 712 = 0. Suppose -6*d + s = -79. What are the prime factors of d?
2, 7
Let o(i) = i**3 - 3*i**2 - 2*i + 7. Let n be -4 + (-3 + 0 - -7). Let u be -3 - (-1 - n) - -7. What are the prime factors of o(u)?
47
What are the prime factors of 19 + 2 + (10354 - 5)?
2, 5, 17, 61
Suppose 2244600 = 20*h + 52*h. List the prime factors of h.
5, 29, 43
List the prime factors of (-151274)/(-10) + -4*27/(-180).
2, 31, 61
Let u(y) = 13*y**2 - 2*y. Let h(o) = o**3 - 4*o**2 + 13*o - 26. Let b be h(3). List the prime factors of u(b).
2, 5
Suppose 12*b - 81 = -15*b. Suppose -b*z = 2*z - 3410. List the prime factors of z.
2, 11, 31
Suppose 6*o - 11*o = 0. Suppose o = -6*j + 281 - 53. Suppose 2*f = 4*w + 382, -368 = -2*f - 4*w + j. What are the prime factors of f?
197
What are the prime factors of ((-8955)/398)/(2/(-2724))?
3, 5, 227
Suppose -d - 2*s = -9 + 2, -4*d - 4*s = -28. Suppose 2*p - d*p + 195 = 0. What are the prime factors of p?
3, 13
Let t(u) = 2*u**2 + 32*u - 3. Let i be t(-16). List the prime factors of ((-2)/i + (-345)/(-90))*14.
3, 7
Suppose z - 207 = 48. Suppose 3*o - z = -0*o. Let a = o - 61. List the prime factors of a.
2, 3
Let z(r) = 5*r**3 + 2*r - 17. Let g be z(5). Suppose -12 = -3*d, -3*d + g = 6*y - 4*y. What are the prime factors of y?
3, 101
Let p = 4243 + -3163. What are the prime factors of p?
2, 3, 5
Let z(d) = -4*d**3 - 18*d**2 + 8*d + 88. Suppose -61*y = -52*y + 81. What are the prime factors of z(y)?
2, 11, 67
Let r be 4/((3 - (-52)/(-8)) + 3). Let b(q) = -q**2 - 8*q - 4. Let w be b(r). List the prime factors of (1 - -1)/((8/(-91))/w).
7, 13
Suppose q + 5*v = 6038, 69*q - 2*v - 18046 = 66*q. What are the prime factors of q?
2, 3, 17, 59
Suppose -73*d + 311258 + 80241 = 0. List the prime factors of d.
31, 173
Suppose -4*y = 2*i - 8, i = -5*y + 2*i + 10. Suppose 8*d - 2 = 5*d + o, 0 = d + y*o + 11. List the prime factors of (d + 0)*(-2678)/13.
2, 103
List the prime factors of 1687152/124 + (-58)/899.
2, 6803
Let q = 253 - 249. Suppose 1245 = q*c + n, -4*c + 1235 = -3*n + 2*n. List the prime factors of c.
2, 5, 31
Let v be ((-1)/(4/6))/(21/14). Let r be (v - 69/(-15) - 4)*-5. List the prime factors of 922/4 + (1 - 0)/r.
3, 7, 11
Suppose -2*v + 10 = 2*k - 4*v, 2*v - 10 = -2*k. Suppose -10*r = -5*r - 10. Suppose k*o - 4*q - 868 = 0, r*q - 101 =